80 is divided by 4479.
3527
Calculate the remainder when 1858879 is divided by 1268.
1259
What is the remainder when 33812420 is divided by 7?
5
What is the remainder when 1119015 is divided by 559403?
209
What is the remainder when 110758648 is divided by 6124?
6108
What is the remainder when 67023999 is divided by 200?
199
What is the remainder when 320927 is divided by 17?
1
What is the remainder when 835359 is divided by 166690?
1909
What is the remainder when 43546797 is divided by 1650?
1647
Calculate the remainder when 198287 is divided by 138.
119
What is the remainder when 10498911 is divided by 1253?
24
Calculate the remainder when 4850409 is divided by 242511.
189
What is the remainder when 6378 is divided by 1336?
1034
Calculate the remainder when 7820562 is divided by 73.
72
What is the remainder when 1157048 is divided by 35?
18
Calculate the remainder when 1191211 is divided by 238143.
496
Calculate the remainder when 2297554 is divided by 203.
0
What is the remainder when 263860 is divided by 288?
52
Calculate the remainder when 4482996 is divided by 213.
198
Calculate the remainder when 24185 is divided by 11994.
197
Calculate the remainder when 3728667 is divided by 872.
867
What is the remainder when 27200118 is divided by 378?
372
What is the remainder when 338989 is divided by 169367?
255
Calculate the remainder when 85127111 is divided by 7938.
7937
What is the remainder when 6526772 is divided by 285?
272
Calculate the remainder when 154195 is divided by 51263.
406
Calculate the remainder when 12975587 is divided by 22804.
111
What is the remainder when 63138463 is divided by 174?
127
Calculate the remainder when 106785 is divided by 105205.
1580
Calculate the remainder when 974706 is divided by 48.
18
Calculate the remainder when 23307712 is divided by 1436.
1432
What is the remainder when 667639312 is divided by 1267?
1264
Calculate the remainder when 212825 is divided by 3669.
23
Calculate the remainder when 4055140 is divided by 5920.
5860
Calculate the remainder when 36643 is divided by 36123.
520
Calculate the remainder when 5254002 is divided by 3060.
3042
Calculate the remainder when 32874 is divided by 6351.
1119
What is the remainder when 445877 is divided by 1675?
327
Calculate the remainder when 15602448 is divided by 5200813.
9
What is the remainder when 44522247 is divided by 776?
23
What is the remainder when 135818 is divided by 472?
354
Calculate the remainder when 534275 is divided by 822.
797
Calculate the remainder when 2546628 is divided by 263.
262
Calculate the remainder when 2287862 is divided by 38775.
137
Calculate the remainder when 4351963 is divided by 216.
211
Calculate the remainder when 57780 is divided by 14191.
1016
Calculate the remainder when 3876808 is divided by 1614.
1594
What is the remainder when 865503 is divided by 672?
639
Calculate the remainder when 1585591 is divided by 226508.
35
Calculate the remainder when 1090726 is divided by 288.
70
Calculate the remainder when 172172 is divided by 2206.
104
What is the remainder when 624327 is divided by 9318?
21
What is the remainder when 1181897 is divided by 107445?
2
What is the remainder when 154231249 is divided by 125?
124
What is the remainder when 66272226 is divided by 11045368?
18
What is the remainder when 19095120 is divided by 25?
20
What is the remainder when 90539 is divided by 5325?
14
What is the remainder when 7247799 is divided by 159?
102
What is the remainder when 333473 is divided by 24561?
14180
Calculate the remainder when 355857 is divided by 4803.
435
What is the remainder when 315478 is divided by 1380?
838
Calculate the remainder when 14542455 is divided by 221.
213
What is the remainder when 88925458 is divided by 44462728?
2
What is the remainder when 5053745 is divided by 652?
93
What is the remainder when 1333885 is divided by 4491?
58
Calculate the remainder when 819893 is divided by 911.
904
What is the remainder when 13229262 is divided by 136?
134
Calculate the remainder when 577493 is divided by 25098.
239
Calculate the remainder when 195314921 is divided by 1187.
6
What is the remainder when 271302 is divided by 463?
447
What is the remainder when 289809 is divided by 9610?
1509
Calculate the remainder when 456086255 is divided by 1330.
1325
Calculate the remainder when 721201 is divided by 806.
637
Calculate the remainder when 14070413 is divided by 4.
1
What is the remainder when 146322 is divided by 46846?
5784
Calculate the remainder when 6044591 is divided by 3022295.
1
Calculate the remainder when 4023974 is divided by 6042.
2
What is the remainder when 347628 is divided by 348?
324
Calculate the remainder when 2833 is divided by 312.
25
What is the remainder when 224009946 is divided by 25?
21
What is the remainder when 68921710 is divided by 229739?
10
What is the remainder when 7986554 is divided by 1179?
8
What is the remainder when 179237 is divided by 89126?
985
Calculate the remainder when 31095 is divided by 2912.
1975
What is the remainder when 150497 is divided by 3070?
67
What is the remainder when 506455 is divided by 261?
115
Calculate the remainder when 2366501 is divided by 9504.
5
What is the remainder when 40473075 is divided by 18?
3
Calculate the remainder when 535968 is divided by 250.
218
What is the remainder when 6079872 is divided by 363?
348
What is the remainder when 352824 is divided by 4714?
3988
Calculate the remainder when 4444185 is divided by 3805.
3750
Calculate the remainder when 12436112 is divided by 25.
12
What is the remainder when 63569662 is divided by 768?
766
Calculate the remainder when 23986011 is divided by 16012.
35
What is the remainder when 2052733713 is divided by 2151?
2148
Calculate the remainder when 5802592 is divided by 390.
172
Calculate the remainder when 20122121 is divided by 2874579.
68
Calculate the remainder when 342283 is divided by 201.
181
What is the remainder when 9865300 is divided by 2008?
2004
What is the remainder when 9008670 is divided by 9008638?
32
What is the remainder when 3103176 is divided by 282106?
10
Calculate the remainder when 27395104 is divided by 2107312.
48
What is the remainder when 1227791 is divided by 409258?
17
What is the remainder when 10009314 is divided by 70?
14
What is the remainder when 11566 is divided by 6722?
4844
What is the remainder when 3023918 is divided by 3022548?
1370
Calculate the remainder when 3056248 is divided by 5035.
3
What is the remainder when 41646228 is divided by 851?
841
Calculate the remainder when 22704512 is divided by 669.
659
Calculate the remainder when 28803 is divided by 7070.
523
Calculate the remainder when 69065 is divided by 11502.
53
Calculate the remainder when 10403413 is divided by 4444.
9
Calculate the remainder when 4595 is divided by 4326.
269
What is the remainder when 1601303 is divided by 20?
3
Calculate the remainder when 11406798 is divided by 4.
2
Calculate the remainder when 2535988 is divided by 1585.
1573
What is the remainder when 19545013 is divided by 57?
55
Calculate the remainder when 73943 is divided by 2114.
2067
What is the remainder when 483747 is divided by 96726?
117
What is the remainder when 2799947 is divided by 199992?
59
Calculate the remainder when 385433562 is divided by 10.
2
Calculate the remainder when 281083 is divided by 93683.
34
What is the remainder when 3436026 is divided by 4115?
1
What is the remainder when 247528 is divided by 3347?
3197
Calculate the remainder when 5995777 is divided by 428269.
11
Calculate the remainder when 644147 is divided by 14314.
17
What is the remainder when 3008776 is divided by 5?
1
Calculate the remainder when 21308020 is divided by 959.
958
What is the remainder when 249826 is divided by 397?
113
Calculate the remainder when 53284604 is divided by 147195.
14
Calculate the remainder when 2285640 is divided by 1267.
1239
What is the remainder when 8003747 is divided by 2667865?
152
What is the remainder when 628778 is divided by 453?
14
What is the remainder when 25216352 is divided by 307?
293
What is the remainder when 374903 is divided by 124891?
230
What is the remainder when 45820252 is divided by 892?
888
Calculate the remainder when 719542 is divided by 7906.
96
What is the